{"id":461,"date":"2020-08-05T08:01:50","date_gmt":"2020-08-05T14:01:50","guid":{"rendered":"http:\/\/www.lvmg.mx\/?page_id=461"},"modified":"2020-08-05T08:01:50","modified_gmt":"2020-08-05T14:01:50","slug":"eduardo-moel-modiano","status":"publish","type":"page","link":"https:\/\/www.lvmg.mx\/es\/eduardo-moel-modiano\/","title":{"rendered":"Eduardo Moel Modiano"},"content":{"rendered":"<p>[vc_row content_placement=\u00bbmiddle\u00bb css=\u00bb.vc_custom_1576561060196{margin-top: 40px !important;margin-bottom: 0px !important;padding-bottom: 0px !important;}\u00bb][vc_column width=\u00bb1\/12&#8243;][\/vc_column][vc_column width=\u00bb10\/12&#8243;][vc_single_image image=\u00bb184&#8243; img_size=\u00bbfull\u00bb onclick=\u00bbcustom_link\u00bb link=\u00bbhttp:\/\/www.lvmg.mx\/\/\u00bb el_id=\u00bbflecha-volver\u00bb css=\u00bb.vc_custom_1576561084246{margin-bottom: 0px !important;padding-bottom: 0px !important;}\u00bb][\/vc_column][vc_column width=\u00bb1\/12&#8243;][\/vc_column][\/vc_row][vc_row equal_height=\u00bbyes\u00bb el_class=\u00bbposicion-relativa abogado-titulo\u00bb][vc_column width=\u00bb1\/12&#8243;][\/vc_column][vc_column width=\u00bb4\/12&#8243; css=\u00bb.vc_custom_1576557392555{padding-right: 0px !important;padding-left: 0px !important;}\u00bb][\/vc_column][vc_column width=\u00bb7\/12&#8243;][vc_custom_heading text=\u00bbEduardo Moel Modiano\u00bb font_container=\u00bbtag:h2|font_size:2em|text_align:left|color:%23ffffff|line_height:1em\u00bb use_theme_fonts=\u00bbyes\u00bb css=\u00bb.vc_custom_1596635981543{margin-bottom: 0px !important;padding-bottom: 0px !important;}\u00bb el_class=\u00bbcolor-white font-weight mayusculas\u00bb][\/vc_column][\/vc_row][vc_row equal_height=\u00bbyes\u00bb][vc_column width=\u00bb1\/12&#8243;][\/vc_column][vc_column width=\u00bb4\/12&#8243; css=\u00bb.vc_custom_1576558343121{padding-right: 0px !important;padding-left: 0px !important;}\u00bb el_class=\u00bbposicion-relativa columna-foto-abogado\u00bb][vc_single_image image=\u00bb462&#8243; img_size=\u00bblarge\u00bb alignment=\u00bbright\u00bb el_class=\u00bbfoto-abogado\u00bb css=\u00bb.vc_custom_1596635955074{margin-top: 20px !important;margin-bottom: 20px !important;}\u00bb][\/vc_column][vc_column width=\u00bb7\/12&#8243; css=\u00bb.vc_custom_1576566262761{padding-top: 50px !important;background-color: #2b2420 !important;}\u00bb el_id=\u00bbdescripcion-abogado\u00bb][vc_custom_heading text=\u00bbSOCIO \u00c1REA ADMINISTRATIVA Y FISCAL\u00bb font_container=\u00bbtag:div|font_size:1em|text_align:left|color:%23b3964e|line_height:1.2em\u00bb use_theme_fonts=\u00bbyes\u00bb css=\u00bb.vc_custom_1596636035650{margin-top: 0px !important;margin-bottom: 0px !important;padding-top: 0px !important;padding-bottom: 0px !important;padding-left: 55px !important;}\u00bb][vc_custom_heading text=\u00bbemoel@lvmg.mx\u00bb font_container=\u00bbtag:div|font_size:0.85em|text_align:left|color:%23ffffff|line_height:1.2em\u00bb use_theme_fonts=\u00bbyes\u00bb css=\u00bb.vc_custom_1596636058846{margin-top: 0px !important;margin-bottom: 0px !important;padding-top: 0px !important;padding-bottom: 0px !important;padding-left: 55px !important;}\u00bb][vc_column_text el_class=\u00bblista-especial color-white\u00bb css=\u00bb.vc_custom_1596636085281{padding-top: 15px !important;padding-left: 65px !important;}\u00bb]- Licenciado en Derecho por la Universidad Panamericana Campus Guadalajara (1993).<\/p>\n<p>&#8211; Maestr\u00eda con concentraci\u00f3n en Arbitraje y Transacciones Internacionales por la Cornell Law School, Ithaca, Nueva York, Estados Unidos de Am\u00e9rica (1995).<\/p>\n<p>&#8211; Diplomado en Sociedades por la Universidad Panamericana Campus Guadalajara (1997).<\/p>\n<p>&#8211; Doctorado en Derecho por Investigaci\u00f3n (Tesis por presentar) por la Universidad Panamericana Campus Guadalajara (2006).<\/p>\n<p>&#8211; Socio de la firma de abogados Lazo, Villa, Moel y Garc\u00eda, S.C. (Periodos comprendidos del 2004 al 2016 y 2020 a la fecha).<\/p>\n<p>&#8211; Consejero Ciudadano del Consejo de la Judicatura del Estado de Jalisco (2016-2020).<\/p>\n<p>&#8211; Socio de la firma de abogados Hern\u00e1ndez, Mayorqu\u00edn, Guti\u00e9rrez, Rodr\u00edguez y Castillo, S.C. (2001-2004).<\/p>\n<p>&#8211; Asociado de la firma de abogados Baker &amp; McKenzie, S.C., en Tijuana, Baja California (1998-2001).<\/p>\n<p>&#8211; Abogado postulante en la firma de abogados Kelley, Villa y asociados, S.C. (1993-1998).<\/p>\n<p>&#8211; Abogado postulante en la notar\u00eda p\u00fablica Torres y Enrigue, S.C. (1992-1993).<\/p>\n<p>&#8211; Admisi\u00f3n en la Barra de Abogados en el Estado de Nueva York, Estados Unidos de Am\u00e9rica (1997).<\/p>\n<p>&#8211; Profesor en las Maestr\u00edas de Derecho de Contratos, Corporativo y Administrativo de la de la Universidad Panamericana Campus Guadalajara, impartiendo las materias de Contratos Common Law, Acto Administrativo y Procesal Administrativo y Contrataci\u00f3n Internacional (1997 a la fecha).<\/p>\n<p>&#8211; Profesor en la Licenciatura de Derecho de la Universidad Panamericana Campus Guadalajara, impartiendo las materias de Teor\u00eda General del Acto Administrativo y Derecho Procesal Administrativo en la Facultad de Derecho (2006 a la fecha).<\/p>\n<p>&#8211; Profesor en la Maestr\u00eda de Derecho de la Universidad Iberoamericana del Noroeste, en Tijuana, Baja California, impartiendo la materia de Derecho Comparado (1998-2000).<\/p>\n<p>&#8211; Profesor en la Licenciatura de Derecho de la Universidad Iberoamericana del Noroeste, en Tijuana, Baja California, impartiendo las materias de Ley de Comercio Exterior y Ley de Inversi\u00f3n Extranjera (1998-2000).<\/p>\n<p>&#8211; Profesor en la Licenciatura de Derecho del Instituto de Estudios Superiores de Occidente (ITESO), impartiendo las materias de Derecho Administrativo y Derecho Mercantil (1995-1998).<\/p>\n<p>&#8211; Presidente y miembro de la Academia de Derecho Administrativo de la Universidad Panamericana Campus Guadalajara (2014 a la fecha).<\/p>\n<p>\u2013 Miembro activo de la Barra Mexicana Colegio de Abogados, A.C., Cap\u00edtulo Jalisco (2005 a la fecha).<\/p>\n<p>&#8211; Consejero de la Red Internacional de Derechos Humanos y Derecho Internacional Humanitario (2019 a la fecha).[\/vc_column_text][\/vc_column][\/vc_row]<\/p>\n","protected":false},"excerpt":{"rendered":"<p>[vc_row content_placement=\u00bbmiddle\u00bb css=\u00bb.vc_custom_1576561060196{margin-top: 40px !important;margin-bottom: 0px !important;padding-bottom: 0px !important;}\u00bb][vc_column width=\u00bb1\/12&#8243;][\/vc_column][vc_column width=\u00bb10\/12&#8243;][vc_single_image image=\u00bb184&#8243; img_size=\u00bbfull\u00bb onclick=\u00bbcustom_link\u00bb link=\u00bbhttp:\/\/www.lvmg.mx\/\/\u00bb el_id=\u00bbflecha-volver\u00bb css=\u00bb.vc_custom_1576561084246{margin-bottom: 0px !important;padding-bottom: 0px !important;}\u00bb][\/vc_column][vc_column width=\u00bb1\/12&#8243;][\/vc_column][\/vc_row][vc_row equal_height=\u00bbyes\u00bb el_class=\u00bbposicion-relativa abogado-titulo\u00bb][vc_column width=\u00bb1\/12&#8243;][\/vc_column][vc_column width=\u00bb4\/12&#8243; css=\u00bb.vc_custom_1576557392555{padding-right: 0px !important;padding-left: 0px !important;}\u00bb][\/vc_column][vc_column width=\u00bb7\/12&#8243;][vc_custom_heading text=\u00bbEduardo Moel Modiano\u00bb font_container=\u00bbtag:h2|font_size:2em|text_align:left|color:%23ffffff|line_height:1em\u00bb use_theme_fonts=\u00bbyes\u00bb css=\u00bb.vc_custom_1596635981543{margin-bottom: 0px !important;padding-bottom: 0px !important;}\u00bb el_class=\u00bbcolor-white font-weight mayusculas\u00bb][\/vc_column][\/vc_row][vc_row equal_height=\u00bbyes\u00bb][vc_column width=\u00bb1\/12&#8243;][\/vc_column][vc_column width=\u00bb4\/12&#8243; css=\u00bb.vc_custom_1576558343121{padding-right: 0px !important;padding-left: 0px !important;}\u00bb el_class=\u00bbposicion-relativa &hellip; <a href=\"https:\/\/www.lvmg.mx\/es\/eduardo-moel-modiano\/\" class=\"more-link\">Continue reading <span class=\"screen-reader-text\">Eduardo Moel Modiano<\/span> <span class=\"meta-nav\">&rarr;<\/span><\/a><\/p>\n","protected":false},"author":2,"featured_media":0,"parent":0,"menu_order":0,"comment_status":"closed","ping_status":"closed","template":"","meta":{"footnotes":""},"class_list":["post-461","page","type-page","status-publish","hentry"],"_links":{"self":[{"href":"https:\/\/www.lvmg.mx\/es\/wp-json\/wp\/v2\/pages\/461","targetHints":{"allow":["GET"]}}],"collection":[{"href":"https:\/\/www.lvmg.mx\/es\/wp-json\/wp\/v2\/pages"}],"about":[{"href":"https:\/\/www.lvmg.mx\/es\/wp-json\/wp\/v2\/types\/page"}],"author":[{"embeddable":true,"href":"https:\/\/www.lvmg.mx\/es\/wp-json\/wp\/v2\/users\/2"}],"replies":[{"embeddable":true,"href":"https:\/\/www.lvmg.mx\/es\/wp-json\/wp\/v2\/comments?post=461"}],"version-history":[{"count":1,"href":"https:\/\/www.lvmg.mx\/es\/wp-json\/wp\/v2\/pages\/461\/revisions"}],"predecessor-version":[{"id":463,"href":"https:\/\/www.lvmg.mx\/es\/wp-json\/wp\/v2\/pages\/461\/revisions\/463"}],"wp:attachment":[{"href":"https:\/\/www.lvmg.mx\/es\/wp-json\/wp\/v2\/media?parent=461"}],"curies":[{"name":"wp","href":"https:\/\/api.w.org\/{rel}","templated":true}]}}

<p>[vc_row content_placement=»middle» css=».vc_custom_1576561060196{margin-top: 40px !important;margin-bottom: 0px !important;padding-bottom: 0px !important;}»][vc_column width=»1/12&#8243;][/vc_column][vc_column width=»10/12&#8243;][vc_single_image image=»184&#8243; img_size=»full» onclick=»custom_link» link=»http://www.lvmg.mx//» el_id=»flecha-volver» css=».vc_custom_1576561084246{margin-bottom: 0px !important;padding-bottom: 0px !important;}»][/vc_column][vc_column width=»1/12&#8243;][/vc_column][/vc_row][vc_row equal_height=»yes» el_class=»posicion-relativa abogado-titulo»][vc_column width=»1/12&#8243;][/vc_column][vc_column width=»4/12&#8243; css=».vc_custom_1576557392555{padding-right: 0px !important;padding-left: 0px !important;}»][/vc_column][vc_column width=»7/12&#8243;][vc_custom_heading text=»Eduardo Moel Modiano» font_container=»tag:h2|font_size:2em|text_align:left|color:%23ffffff|line_height:1em» use_theme_fonts=»yes» css=».vc_custom_1596635981543{margin-bottom: 0px !important;padding-bottom: 0px !important;}» el_class=»color-white font-weight mayusculas»][/vc_column][/vc_row][vc_row equal_height=»yes»][vc_column width=»1/12&#8243;][/vc_column][vc_column width=»4/12&#8243; css=».vc_custom_1576558343121{padding-right: 0px !important;padding-left: 0px !important;}» el_class=»posicion-relativa columna-foto-abogado»][vc_single_image image=»462&#8243; img_size=»large» alignment=»right» el_class=»foto-abogado» css=».vc_custom_1596635955074{margin-top: 20px !important;margin-bottom: 20px !important;}»][/vc_column][vc_column width=»7/12&#8243; css=».vc_custom_1576566262761{padding-top: 50px !important;background-color: #2b2420 !important;}» el_id=»descripcion-abogado»][vc_custom_heading text=»SOCIO ÁREA ADMINISTRATIVA Y FISCAL» font_container=»tag:div|font_size:1em|text_align:left|color:%23b3964e|line_height:1.2em» use_theme_fonts=»yes» css=».vc_custom_1596636035650{margin-top: 0px !important;margin-bottom: 0px !important;padding-top: 0px !important;padding-bottom: 0px !important;padding-left: 55px !important;}»][vc_custom_heading text=»emoel@lvmg.mx» font_container=»tag:div|font_size:0.85em|text_align:left|color:%23ffffff|line_height:1.2em» use_theme_fonts=»yes» css=».vc_custom_1596636058846{margin-top: 0px !important;margin-bottom: 0px !important;padding-top: 0px !important;padding-bottom: 0px !important;padding-left: 55px !important;}»][vc_column_text el_class=»lista-especial color-white» css=».vc_custom_1596636085281{padding-top: 15px !important;padding-left: 65px !important;}»]- Licenciado en Derecho por la Universidad Panamericana Campus Guadalajara (1993).</p>
<p>&#8211; Maestría con concentración en Arbitraje y Transacciones Internacionales por la Cornell Law School, Ithaca, Nueva York, Estados Unidos de América (1995).</p>
<p>&#8211; Diplomado en Sociedades por la Universidad Panamericana Campus Guadalajara (1997).</p>
<p>&#8211; Doctorado en Derecho por Investigación (Tesis por presentar) por la Universidad Panamericana Campus Guadalajara (2006).</p>
<p>&#8211; Socio de la firma de abogados Lazo, Villa, Moel y García, S.C. (Periodos comprendidos del 2004 al 2016 y 2020 a la fecha).</p>
<p>&#8211; Consejero Ciudadano del Consejo de la Judicatura del Estado de Jalisco (2016-2020).</p>
<p>&#8211; Socio de la firma de abogados Hernández, Mayorquín, Gutiérrez, Rodríguez y Castillo, S.C. (2001-2004).</p>
<p>&#8211; Asociado de la firma de abogados Baker &amp; McKenzie, S.C., en Tijuana, Baja California (1998-2001).</p>
<p>&#8211; Abogado postulante en la firma de abogados Kelley, Villa y asociados, S.C. (1993-1998).</p>
<p>&#8211; Abogado postulante en la notaría pública Torres y Enrigue, S.C. (1992-1993).</p>
<p>&#8211; Admisión en la Barra de Abogados en el Estado de Nueva York, Estados Unidos de América (1997).</p>
<p>&#8211; Profesor en las Maestrías de Derecho de Contratos, Corporativo y Administrativo de la de la Universidad Panamericana Campus Guadalajara, impartiendo las materias de Contratos Common Law, Acto Administrativo y Procesal Administrativo y Contratación Internacional (1997 a la fecha).</p>
<p>&#8211; Profesor en la Licenciatura de Derecho de la Universidad Panamericana Campus Guadalajara, impartiendo las materias de Teoría General del Acto Administrativo y Derecho Procesal Administrativo en la Facultad de Derecho (2006 a la fecha).</p>
<p>&#8211; Profesor en la Maestría de Derecho de la Universidad Iberoamericana del Noroeste, en Tijuana, Baja California, impartiendo la materia de Derecho Comparado (1998-2000).</p>
<p>&#8211; Profesor en la Licenciatura de Derecho de la Universidad Iberoamericana del Noroeste, en Tijuana, Baja California, impartiendo las materias de Ley de Comercio Exterior y Ley de Inversión Extranjera (1998-2000).</p>
<p>&#8211; Profesor en la Licenciatura de Derecho del Instituto de Estudios Superiores de Occidente (ITESO), impartiendo las materias de Derecho Administrativo y Derecho Mercantil (1995-1998).</p>
<p>&#8211; Presidente y miembro de la Academia de Derecho Administrativo de la Universidad Panamericana Campus Guadalajara (2014 a la fecha).</p>
<p>– Miembro activo de la Barra Mexicana Colegio de Abogados, A.C., Capítulo Jalisco (2005 a la fecha).</p>
<p>&#8211; Consejero de la Red Internacional de Derechos Humanos y Derecho Internacional Humanitario (2019 a la fecha).[/vc_column_text][/vc_column][/vc_row]</p>
