{"id":221,"date":"2019-12-17T07:25:34","date_gmt":"2019-12-17T07:25:34","guid":{"rendered":"http:\/\/www.lvmg.mx\/\/?page_id=221"},"modified":"2020-12-15T17:04:03","modified_gmt":"2020-12-15T23:04:03","slug":"salvador-villa-curiel","status":"publish","type":"page","link":"https:\/\/www.lvmg.mx\/es\/salvador-villa-curiel\/","title":{"rendered":"Salvador Villa Curiel"},"content":{"rendered":"<p>[vc_row content_placement=\u00bbmiddle\u00bb css=\u00bb.vc_custom_1576561060196{margin-top: 40px !important;margin-bottom: 0px !important;padding-bottom: 0px !important;}\u00bb][vc_column width=\u00bb1\/12&#8243;][\/vc_column][vc_column width=\u00bb10\/12&#8243;][vc_icon icon_fontawesome=\u00bbfas fa-arrow-left\u00bb color=\u00bbblack\u00bb size=\u00bbsm\u00bb link=\u00bburl:http%3A%2F%2Fwww.lvmg.mx%2Fen%2F%23abogados|||\u00bb][\/vc_column][vc_column width=\u00bb1\/12&#8243;][\/vc_column][\/vc_row][vc_row equal_height=\u00bbyes\u00bb el_class=\u00bbposicion-relativa abogado-titulo\u00bb][vc_column width=\u00bb1\/12&#8243;][\/vc_column][vc_column width=\u00bb4\/12&#8243; css=\u00bb.vc_custom_1576557392555{padding-right: 0px !important;padding-left: 0px !important;}\u00bb][\/vc_column][vc_column width=\u00bb7\/12&#8243;][vc_custom_heading text=\u00bbSalvador Villa Curiel\u00bb font_container=\u00bbtag:h2|font_size:2em|text_align:left|color:%23ffffff|line_height:1em\u00bb use_theme_fonts=\u00bbyes\u00bb css=\u00bb.vc_custom_1576567448991{margin-bottom: 0px !important;padding-bottom: 0px !important;}\u00bb el_class=\u00bbcolor-white font-weight mayusculas\u00bb][\/vc_column][\/vc_row][vc_row equal_height=\u00bbyes\u00bb][vc_column width=\u00bb1\/12&#8243;][\/vc_column][vc_column width=\u00bb4\/12&#8243; css=\u00bb.vc_custom_1576558343121{padding-right: 0px !important;padding-left: 0px !important;}\u00bb el_class=\u00bbposicion-relativa columna-foto-abogado\u00bb][vc_single_image image=\u00bb222&#8243; img_size=\u00bblarge\u00bb alignment=\u00bbright\u00bb el_class=\u00bbfoto-abogado\u00bb css=\u00bb.vc_custom_1576567531705{margin-top: 20px !important;margin-bottom: 20px !important;}\u00bb][\/vc_column][vc_column width=\u00bb7\/12&#8243; css=\u00bb.vc_custom_1576566262761{padding-top: 50px !important;background-color: #2b2420 !important;}\u00bb el_id=\u00bbdescripcion-abogado\u00bb][vc_custom_heading text=\u00bbSocio \u00e1rea familiar\u00bb font_container=\u00bbtag:div|font_size:1em|text_align:left|color:%23b3964e|line_height:1.2em\u00bb use_theme_fonts=\u00bbyes\u00bb css=\u00bb.vc_custom_1576567459889{margin-top: 0px !important;margin-bottom: 0px !important;padding-top: 0px !important;padding-bottom: 0px !important;padding-left: 55px !important;}\u00bb][vc_custom_heading text=\u00bbsvilla@lvmg.mx\u00bb font_container=\u00bbtag:div|font_size:0.85em|text_align:left|color:%23ffffff|line_height:1.2em\u00bb use_theme_fonts=\u00bbyes\u00bb css=\u00bb.vc_custom_1576567464163{margin-top: 0px !important;margin-bottom: 0px !important;padding-top: 0px !important;padding-bottom: 0px !important;padding-left: 55px !important;}\u00bb][vc_column_text el_class=\u00bblista-especial color-white\u00bb css=\u00bb.vc_custom_1580252338605{padding-top: 15px !important;padding-left: 65px !important;}\u00bb]<span style=\"font-weight: 400;\">&#8211; Abogado por la Facultad de Derecho de la Universidad de Guadalajara (1977-1982).<\/span><\/p>\n<p><span style=\"font-weight: 400;\">&#8211; Especialidad en Derecho de las Sociedades Mercantiles por la Universidad Panamericana, Campus Guadalajara (1997).<\/span><\/p>\n<p><span style=\"font-weight: 400;\">&#8211; Especialidad en Derecho Procesal Civil y Mercantil por la Universidad Panamericana, Campus Guadalajara (1998).<\/span><\/p>\n<p><span style=\"font-weight: 400;\">&#8211; Especialidad en Derecho Constitucional y Amparo por la Universidad Panamericana, Campus Guadalajara (1999).<\/span><\/p>\n<p><span style=\"font-weight: 400;\">&#8211; Estudios a Nivel de Doctorado por la Universidad Panamericana, Campus Guadalajara (2008-2010).<\/span><\/p>\n<p><span style=\"font-weight: 400;\">&#8211; Supremo Tribunal de Justicia en el Estado de Jalisco (1983-1985).<\/span><\/p>\n<p><span style=\"font-weight: 400;\">&#8211; Socio en Kelley, Villa y Asociados, S.C., (1985-2002).<\/span><\/p>\n<p><span style=\"font-weight: 400;\">&#8211; Socio de la firma de abogados Lazo, Villa, Moel y Garc\u00eda, S.C. y Director del \u00c1rea Familiar (Desde 2003 a la fecha).<\/span><\/p>\n<p><span style=\"font-weight: 400;\">&#8211; Miembro activo de la Barra Mexicana Colegio de Abogados, A.C., Cap\u00edtulo Jalisco.<\/span><\/p>\n<p><span style=\"font-weight: 400;\">&#8211; Profesor de Teor\u00eda General del Proceso, Derecho Concursal, T\u00edtulos y Operaciones de Cr\u00e9dito en la Facultad de Derecho de la Universidad de Guadalajara, as\u00ed como profesor de Teor\u00eda General del Proceso y Derecho Procesal Civil en la Facultad de Derecho de la Universidad Panamericana, Campus Guadalajara.<\/span><\/p>\n<p><span style=\"font-weight: 400;\">&#8211; Profesor a nivel posgrado en la especialidad Derecho Procesal Civil, Mercantil y Familiar de la Universidad Panamericana.<\/span>[\/vc_column_text][\/vc_column][\/vc_row]<\/p>\n","protected":false},"excerpt":{"rendered":"<p>[vc_row content_placement=\u00bbmiddle\u00bb css=\u00bb.vc_custom_1576561060196{margin-top: 40px !important;margin-bottom: 0px !important;padding-bottom: 0px !important;}\u00bb][vc_column width=\u00bb1\/12&#8243;][\/vc_column][vc_column width=\u00bb10\/12&#8243;][vc_icon icon_fontawesome=\u00bbfas fa-arrow-left\u00bb color=\u00bbblack\u00bb size=\u00bbsm\u00bb link=\u00bburl:http%3A%2F%2Fwww.lvmg.mx%2Fen%2F%23abogados|||\u00bb][\/vc_column][vc_column width=\u00bb1\/12&#8243;][\/vc_column][\/vc_row][vc_row equal_height=\u00bbyes\u00bb el_class=\u00bbposicion-relativa abogado-titulo\u00bb][vc_column width=\u00bb1\/12&#8243;][\/vc_column][vc_column width=\u00bb4\/12&#8243; css=\u00bb.vc_custom_1576557392555{padding-right: 0px !important;padding-left: 0px !important;}\u00bb][\/vc_column][vc_column width=\u00bb7\/12&#8243;][vc_custom_heading text=\u00bbSalvador Villa Curiel\u00bb font_container=\u00bbtag:h2|font_size:2em|text_align:left|color:%23ffffff|line_height:1em\u00bb use_theme_fonts=\u00bbyes\u00bb css=\u00bb.vc_custom_1576567448991{margin-bottom: 0px !important;padding-bottom: 0px !important;}\u00bb el_class=\u00bbcolor-white font-weight mayusculas\u00bb][\/vc_column][\/vc_row][vc_row equal_height=\u00bbyes\u00bb][vc_column width=\u00bb1\/12&#8243;][\/vc_column][vc_column width=\u00bb4\/12&#8243; css=\u00bb.vc_custom_1576558343121{padding-right: 0px !important;padding-left: 0px !important;}\u00bb el_class=\u00bbposicion-relativa columna-foto-abogado\u00bb][vc_single_image image=\u00bb222&#8243; img_size=\u00bblarge\u00bb alignment=\u00bbright\u00bb el_class=\u00bbfoto-abogado\u00bb &hellip; <a href=\"https:\/\/www.lvmg.mx\/es\/salvador-villa-curiel\/\" class=\"more-link\">Continue reading <span class=\"screen-reader-text\">Salvador Villa Curiel<\/span> <span class=\"meta-nav\">&rarr;<\/span><\/a><\/p>\n","protected":false},"author":1,"featured_media":0,"parent":0,"menu_order":0,"comment_status":"closed","ping_status":"closed","template":"","meta":{"footnotes":""},"class_list":["post-221","page","type-page","status-publish","hentry"],"_links":{"self":[{"href":"https:\/\/www.lvmg.mx\/es\/wp-json\/wp\/v2\/pages\/221","targetHints":{"allow":["GET"]}}],"collection":[{"href":"https:\/\/www.lvmg.mx\/es\/wp-json\/wp\/v2\/pages"}],"about":[{"href":"https:\/\/www.lvmg.mx\/es\/wp-json\/wp\/v2\/types\/page"}],"author":[{"embeddable":true,"href":"https:\/\/www.lvmg.mx\/es\/wp-json\/wp\/v2\/users\/1"}],"replies":[{"embeddable":true,"href":"https:\/\/www.lvmg.mx\/es\/wp-json\/wp\/v2\/comments?post=221"}],"version-history":[{"count":3,"href":"https:\/\/www.lvmg.mx\/es\/wp-json\/wp\/v2\/pages\/221\/revisions"}],"predecessor-version":[{"id":616,"href":"https:\/\/www.lvmg.mx\/es\/wp-json\/wp\/v2\/pages\/221\/revisions\/616"}],"wp:attachment":[{"href":"https:\/\/www.lvmg.mx\/es\/wp-json\/wp\/v2\/media?parent=221"}],"curies":[{"name":"wp","href":"https:\/\/api.w.org\/{rel}","templated":true}]}}

<p>[vc_row content_placement=»middle» css=».vc_custom_1576561060196{margin-top: 40px !important;margin-bottom: 0px !important;padding-bottom: 0px !important;}»][vc_column width=»1/12&#8243;][/vc_column][vc_column width=»10/12&#8243;][vc_icon icon_fontawesome=»fas fa-arrow-left» color=»black» size=»sm» link=»url:http%3A%2F%2Fwww.lvmg.mx%2Fen%2F%23abogados|||»][/vc_column][vc_column width=»1/12&#8243;][/vc_column][/vc_row][vc_row equal_height=»yes» el_class=»posicion-relativa abogado-titulo»][vc_column width=»1/12&#8243;][/vc_column][vc_column width=»4/12&#8243; css=».vc_custom_1576557392555{padding-right: 0px !important;padding-left: 0px !important;}»][/vc_column][vc_column width=»7/12&#8243;][vc_custom_heading text=»Salvador Villa Curiel» font_container=»tag:h2|font_size:2em|text_align:left|color:%23ffffff|line_height:1em» use_theme_fonts=»yes» css=».vc_custom_1576567448991{margin-bottom: 0px !important;padding-bottom: 0px !important;}» el_class=»color-white font-weight mayusculas»][/vc_column][/vc_row][vc_row equal_height=»yes»][vc_column width=»1/12&#8243;][/vc_column][vc_column width=»4/12&#8243; css=».vc_custom_1576558343121{padding-right: 0px !important;padding-left: 0px !important;}» el_class=»posicion-relativa columna-foto-abogado»][vc_single_image image=»222&#8243; img_size=»large» alignment=»right» el_class=»foto-abogado» css=».vc_custom_1576567531705{margin-top: 20px !important;margin-bottom: 20px !important;}»][/vc_column][vc_column width=»7/12&#8243; css=».vc_custom_1576566262761{padding-top: 50px !important;background-color: #2b2420 !important;}» el_id=»descripcion-abogado»][vc_custom_heading text=»Socio área familiar» font_container=»tag:div|font_size:1em|text_align:left|color:%23b3964e|line_height:1.2em» use_theme_fonts=»yes» css=».vc_custom_1576567459889{margin-top: 0px !important;margin-bottom: 0px !important;padding-top: 0px !important;padding-bottom: 0px !important;padding-left: 55px !important;}»][vc_custom_heading text=»svilla@lvmg.mx» font_container=»tag:div|font_size:0.85em|text_align:left|color:%23ffffff|line_height:1.2em» use_theme_fonts=»yes» css=».vc_custom_1576567464163{margin-top: 0px !important;margin-bottom: 0px !important;padding-top: 0px !important;padding-bottom: 0px !important;padding-left: 55px !important;}»][vc_column_text el_class=»lista-especial color-white» css=».vc_custom_1580252338605{padding-top: 15px !important;padding-left: 65px !important;}»]<span style="font-weight: 400;">&#8211; Abogado por la Facultad de Derecho de la Universidad de Guadalajara (1977-1982).</span></p>
<p><span style="font-weight: 400;">&#8211; Especialidad en Derecho de las Sociedades Mercantiles por la Universidad Panamericana, Campus Guadalajara (1997).</span></p>
<p><span style="font-weight: 400;">&#8211; Especialidad en Derecho Procesal Civil y Mercantil por la Universidad Panamericana, Campus Guadalajara (1998).</span></p>
<p><span style="font-weight: 400;">&#8211; Especialidad en Derecho Constitucional y Amparo por la Universidad Panamericana, Campus Guadalajara (1999).</span></p>
<p><span style="font-weight: 400;">&#8211; Estudios a Nivel de Doctorado por la Universidad Panamericana, Campus Guadalajara (2008-2010).</span></p>
<p><span style="font-weight: 400;">&#8211; Supremo Tribunal de Justicia en el Estado de Jalisco (1983-1985).</span></p>
<p><span style="font-weight: 400;">&#8211; Socio en Kelley, Villa y Asociados, S.C., (1985-2002).</span></p>
<p><span style="font-weight: 400;">&#8211; Socio de la firma de abogados Lazo, Villa, Moel y García, S.C. y Director del Área Familiar (Desde 2003 a la fecha).</span></p>
<p><span style="font-weight: 400;">&#8211; Miembro activo de la Barra Mexicana Colegio de Abogados, A.C., Capítulo Jalisco.</span></p>
<p><span style="font-weight: 400;">&#8211; Profesor de Teoría General del Proceso, Derecho Concursal, Títulos y Operaciones de Crédito en la Facultad de Derecho de la Universidad de Guadalajara, así como profesor de Teoría General del Proceso y Derecho Procesal Civil en la Facultad de Derecho de la Universidad Panamericana, Campus Guadalajara.</span></p>
<p><span style="font-weight: 400;">&#8211; Profesor a nivel posgrado en la especialidad Derecho Procesal Civil, Mercantil y Familiar de la Universidad Panamericana.</span>[/vc_column_text][/vc_column][/vc_row]</p>
