{"id":218,"date":"2019-12-17T07:23:21","date_gmt":"2019-12-17T07:23:21","guid":{"rendered":"http:\/\/www.lvmg.mx\/\/?page_id=218"},"modified":"2020-02-13T11:30:35","modified_gmt":"2020-02-13T17:30:35","slug":"carlos-burguete-medina","status":"publish","type":"page","link":"https:\/\/www.lvmg.mx\/es\/carlos-burguete-medina\/","title":{"rendered":"Carlos Enrique Burguete Medina"},"content":{"rendered":"<p>[vc_row content_placement=\u00bbmiddle\u00bb css=\u00bb.vc_custom_1576561060196{margin-top: 40px !important;margin-bottom: 0px !important;padding-bottom: 0px !important;}\u00bb][vc_column width=\u00bb1\/12&#8243;][\/vc_column][vc_column width=\u00bb10\/12&#8243;][vc_single_image image=\u00bb184&#8243; img_size=\u00bbfull\u00bb onclick=\u00bbcustom_link\u00bb link=\u00bbhttp:\/\/www.lvmg.mx\/\/\u00bb el_id=\u00bbflecha-volver\u00bb css=\u00bb.vc_custom_1576561084246{margin-bottom: 0px !important;padding-bottom: 0px !important;}\u00bb][\/vc_column][vc_column width=\u00bb1\/12&#8243;][\/vc_column][\/vc_row][vc_row equal_height=\u00bbyes\u00bb el_class=\u00bbposicion-relativa abogado-titulo\u00bb][vc_column width=\u00bb1\/12&#8243;][\/vc_column][vc_column width=\u00bb4\/12&#8243; css=\u00bb.vc_custom_1576557392555{padding-right: 0px !important;padding-left: 0px !important;}\u00bb][\/vc_column][vc_column width=\u00bb7\/12&#8243;][vc_custom_heading text=\u00bbCarlos Enrique Burguete Medina\u00bb font_container=\u00bbtag:h2|font_size:2em|text_align:left|color:%23ffffff|line_height:1em\u00bb use_theme_fonts=\u00bbyes\u00bb css=\u00bb.vc_custom_1581615032025{margin-bottom: 0px !important;padding-bottom: 0px !important;}\u00bb el_class=\u00bbcolor-white font-weight mayusculas\u00bb][\/vc_column][\/vc_row][vc_row equal_height=\u00bbyes\u00bb][vc_column width=\u00bb1\/12&#8243;][\/vc_column][vc_column width=\u00bb4\/12&#8243; css=\u00bb.vc_custom_1576558343121{padding-right: 0px !important;padding-left: 0px !important;}\u00bb el_class=\u00bbposicion-relativa columna-foto-abogado\u00bb][vc_single_image image=\u00bb214&#8243; img_size=\u00bblarge\u00bb alignment=\u00bbright\u00bb el_class=\u00bbfoto-abogado\u00bb css=\u00bb.vc_custom_1576567410878{margin-top: 20px !important;margin-bottom: 20px !important;}\u00bb][\/vc_column][vc_column width=\u00bb7\/12&#8243; css=\u00bb.vc_custom_1576566262761{padding-top: 50px !important;background-color: #2b2420 !important;}\u00bb el_id=\u00bbdescripcion-abogado\u00bb][vc_custom_heading text=\u00bbASOCIADO \u00c1REA PENAL\u00bb font_container=\u00bbtag:div|font_size:1em|text_align:left|color:%23b3964e|line_height:1.2em\u00bb use_theme_fonts=\u00bbyes\u00bb css=\u00bb.vc_custom_1576567360641{margin-top: 0px !important;margin-bottom: 0px !important;padding-top: 0px !important;padding-bottom: 0px !important;padding-left: 55px !important;}\u00bb][vc_custom_heading text=\u00bbcarlosbm@lvmg.mx\u00bb font_container=\u00bbtag:div|font_size:0.85em|text_align:left|color:%23ffffff|line_height:1.2em\u00bb use_theme_fonts=\u00bbyes\u00bb css=\u00bb.vc_custom_1576567365678{margin-top: 0px !important;margin-bottom: 0px !important;padding-top: 0px !important;padding-bottom: 0px !important;padding-left: 55px !important;}\u00bb][vc_column_text el_class=\u00bblista-especial color-white\u00bb css=\u00bb.vc_custom_1580252489820{padding-top: 15px !important;padding-left: 65px !important;}\u00bb]<span style=\"font-weight: 400;\">&#8211; Abogado por la Facultad de Derecho de la Universidad de Guadalajara (2004-2009).<\/span><\/p>\n<p><span style=\"font-weight: 400;\">&#8211; Especialidad en Derecho Penal por la Universidad Panamericana, Campus Guadalajara (2010).<\/span><\/p>\n<p><span style=\"font-weight: 400;\">&#8211; Especialidad en Derecho Constitucional y Amparo por la Universidad Panamericana, Campus Guadalajara (2011).\u00a0<\/span><\/p>\n<p><span style=\"font-weight: 400;\">&#8211; Curso de t\u00e9cnicas, habilidades y destrezas de litigaci\u00f3n oral impartido por la Aba Roli en conjunto con el USAID (2014).<\/span><\/p>\n<p><span style=\"font-weight: 400;\">&#8211; Curso de formaci\u00f3n de formadores y entrenamiento de equipos de litigaci\u00f3n oral por la Aba Roli en conjunto con el USAID (2014).<\/span><\/p>\n<p><span style=\"font-weight: 400;\">&#8211; Programa de fortalecimiento de las Escuelas de Derecho en Jalisco para el nuevo Sistema de Justicia Penal impartido por el Centro de Estudios sobre la Ense\u00f1anza y el Aprendizaje del Derecho A. C. (2014).<\/span><\/p>\n<p><span style=\"font-weight: 400;\">&#8211; Certificaci\u00f3n en el Sistema Acusatorio Adversarial otorgada por la Secretar\u00eda T\u00e9cnica del Consejo Coordinaci\u00f3n para la implementaci\u00f3n del Sistema de Justicia Penal en M\u00e9xico (2014).<\/span><\/p>\n<p><span style=\"font-weight: 400;\">&#8211; Academia de Destrezas en Litigaci\u00f3n Oral, impartida por la California Western School of Law en San Diego, California (2015).<\/span><\/p>\n<p><span style=\"font-weight: 400;\">&#8211; Maestr\u00eda en Derecho P\u00fablico por la Facultad de Derecho de la Universidad Panamericana, Campus Guadalajara (2015).<\/span><\/p>\n<p><span style=\"font-weight: 400;\">&#8211; Posgrado de Especializaci\u00f3n en Garant\u00edas Constitucionales de la Investigaci\u00f3n y la Prueba en el Proceso Penal por la Universidad de Castilla-La Mancha en Toledo, Espa\u00f1a (2017).<\/span><\/p>\n<p><span style=\"font-weight: 400;\">&#8211; Miembro de la firma de abogados Lazo, Villa, Moel y Garc\u00eda, S.C. (Desde 2008 a la fecha).<\/span><\/p>\n<p><span style=\"font-weight: 400;\">&#8211; Participaci\u00f3n en el Consejo Acad\u00e9mico del Proyecto de profesionalizaci\u00f3n a operadores y comunicadores del sistema de justicia penal para la creaci\u00f3n del posgrado nacional \u00abEl Defensor en el Sistema de Justicia Penal\u00bb con la Asociaci\u00f3n Nacional de Universidades e Instituciones de Educaci\u00f3n Superior (ANUIES) en colaboraci\u00f3n con el USAID (2017).<\/span><\/p>\n<p><span style=\"font-weight: 400;\">&#8211; Coordinador de la Comisi\u00f3n de Derecho Penal de la Barra Mexicana Colegio de Abogados, A.C., Cap\u00edtulo Jalisco (2019-2021).<\/span><\/p>\n<p><span style=\"font-weight: 400;\">&#8211; Miembro activo de la Barra Mexicana Colegio de Abogados, A.C., Cap\u00edtulo Jalisco.<\/span><\/p>\n<p><span style=\"font-weight: 400;\">&#8211; Profesor de Derecho Penal en la Facultad de Derecho de la Universidad Panamericana, Campus Guadalajara (2013-2016).<\/span><\/p>\n<p><span style=\"font-weight: 400;\">&#8211; Profesor de Derecho Penal en la Facultad de Derecho del Instituto Tecnol\u00f3gico y de Estudios Superiores de Occidente \u201cITESO\u201d (2016-2019).<\/span><\/p>\n<p><span style=\"font-weight: 400;\">&#8211; Profesor de Derecho Penal en la Facultad de Derecho de la Universidad Aut\u00f3noma de Guadalajara (Desde 2019 a la fecha).<\/span><\/p>\n<p><span style=\"font-weight: 400;\">&#8211; Preparador de Equipos de Litigaci\u00f3n Oral.<\/span>[\/vc_column_text][\/vc_column][\/vc_row]<\/p>\n","protected":false},"excerpt":{"rendered":"<p>[vc_row content_placement=\u00bbmiddle\u00bb css=\u00bb.vc_custom_1576561060196{margin-top: 40px !important;margin-bottom: 0px !important;padding-bottom: 0px !important;}\u00bb][vc_column width=\u00bb1\/12&#8243;][\/vc_column][vc_column width=\u00bb10\/12&#8243;][vc_single_image image=\u00bb184&#8243; img_size=\u00bbfull\u00bb onclick=\u00bbcustom_link\u00bb link=\u00bbhttp:\/\/www.lvmg.mx\/\/\u00bb el_id=\u00bbflecha-volver\u00bb css=\u00bb.vc_custom_1576561084246{margin-bottom: 0px !important;padding-bottom: 0px !important;}\u00bb][\/vc_column][vc_column width=\u00bb1\/12&#8243;][\/vc_column][\/vc_row][vc_row equal_height=\u00bbyes\u00bb el_class=\u00bbposicion-relativa abogado-titulo\u00bb][vc_column width=\u00bb1\/12&#8243;][\/vc_column][vc_column width=\u00bb4\/12&#8243; css=\u00bb.vc_custom_1576557392555{padding-right: 0px !important;padding-left: 0px !important;}\u00bb][\/vc_column][vc_column width=\u00bb7\/12&#8243;][vc_custom_heading text=\u00bbCarlos Enrique Burguete Medina\u00bb font_container=\u00bbtag:h2|font_size:2em|text_align:left|color:%23ffffff|line_height:1em\u00bb use_theme_fonts=\u00bbyes\u00bb css=\u00bb.vc_custom_1581615032025{margin-bottom: 0px !important;padding-bottom: 0px !important;}\u00bb el_class=\u00bbcolor-white font-weight mayusculas\u00bb][\/vc_column][\/vc_row][vc_row equal_height=\u00bbyes\u00bb][vc_column width=\u00bb1\/12&#8243;][\/vc_column][vc_column width=\u00bb4\/12&#8243; css=\u00bb.vc_custom_1576558343121{padding-right: 0px !important;padding-left: 0px !important;}\u00bb &hellip; <a href=\"https:\/\/www.lvmg.mx\/es\/carlos-burguete-medina\/\" class=\"more-link\">Continue reading <span class=\"screen-reader-text\">Carlos Enrique Burguete Medina<\/span> <span class=\"meta-nav\">&rarr;<\/span><\/a><\/p>\n","protected":false},"author":1,"featured_media":0,"parent":0,"menu_order":0,"comment_status":"closed","ping_status":"closed","template":"","meta":{"footnotes":""},"class_list":["post-218","page","type-page","status-publish","hentry"],"_links":{"self":[{"href":"https:\/\/www.lvmg.mx\/es\/wp-json\/wp\/v2\/pages\/218","targetHints":{"allow":["GET"]}}],"collection":[{"href":"https:\/\/www.lvmg.mx\/es\/wp-json\/wp\/v2\/pages"}],"about":[{"href":"https:\/\/www.lvmg.mx\/es\/wp-json\/wp\/v2\/types\/page"}],"author":[{"embeddable":true,"href":"https:\/\/www.lvmg.mx\/es\/wp-json\/wp\/v2\/users\/1"}],"replies":[{"embeddable":true,"href":"https:\/\/www.lvmg.mx\/es\/wp-json\/wp\/v2\/comments?post=218"}],"version-history":[{"count":5,"href":"https:\/\/www.lvmg.mx\/es\/wp-json\/wp\/v2\/pages\/218\/revisions"}],"predecessor-version":[{"id":382,"href":"https:\/\/www.lvmg.mx\/es\/wp-json\/wp\/v2\/pages\/218\/revisions\/382"}],"wp:attachment":[{"href":"https:\/\/www.lvmg.mx\/es\/wp-json\/wp\/v2\/media?parent=218"}],"curies":[{"name":"wp","href":"https:\/\/api.w.org\/{rel}","templated":true}]}}

<p>[vc_row content_placement=»middle» css=».vc_custom_1576561060196{margin-top: 40px !important;margin-bottom: 0px !important;padding-bottom: 0px !important;}»][vc_column width=»1/12&#8243;][/vc_column][vc_column width=»10/12&#8243;][vc_single_image image=»184&#8243; img_size=»full» onclick=»custom_link» link=»http://www.lvmg.mx//» el_id=»flecha-volver» css=».vc_custom_1576561084246{margin-bottom: 0px !important;padding-bottom: 0px !important;}»][/vc_column][vc_column width=»1/12&#8243;][/vc_column][/vc_row][vc_row equal_height=»yes» el_class=»posicion-relativa abogado-titulo»][vc_column width=»1/12&#8243;][/vc_column][vc_column width=»4/12&#8243; css=».vc_custom_1576557392555{padding-right: 0px !important;padding-left: 0px !important;}»][/vc_column][vc_column width=»7/12&#8243;][vc_custom_heading text=»Carlos Enrique Burguete Medina» font_container=»tag:h2|font_size:2em|text_align:left|color:%23ffffff|line_height:1em» use_theme_fonts=»yes» css=».vc_custom_1581615032025{margin-bottom: 0px !important;padding-bottom: 0px !important;}» el_class=»color-white font-weight mayusculas»][/vc_column][/vc_row][vc_row equal_height=»yes»][vc_column width=»1/12&#8243;][/vc_column][vc_column width=»4/12&#8243; css=».vc_custom_1576558343121{padding-right: 0px !important;padding-left: 0px !important;}» el_class=»posicion-relativa columna-foto-abogado»][vc_single_image image=»214&#8243; img_size=»large» alignment=»right» el_class=»foto-abogado» css=».vc_custom_1576567410878{margin-top: 20px !important;margin-bottom: 20px !important;}»][/vc_column][vc_column width=»7/12&#8243; css=».vc_custom_1576566262761{padding-top: 50px !important;background-color: #2b2420 !important;}» el_id=»descripcion-abogado»][vc_custom_heading text=»ASOCIADO ÁREA PENAL» font_container=»tag:div|font_size:1em|text_align:left|color:%23b3964e|line_height:1.2em» use_theme_fonts=»yes» css=».vc_custom_1576567360641{margin-top: 0px !important;margin-bottom: 0px !important;padding-top: 0px !important;padding-bottom: 0px !important;padding-left: 55px !important;}»][vc_custom_heading text=»carlosbm@lvmg.mx» font_container=»tag:div|font_size:0.85em|text_align:left|color:%23ffffff|line_height:1.2em» use_theme_fonts=»yes» css=».vc_custom_1576567365678{margin-top: 0px !important;margin-bottom: 0px !important;padding-top: 0px !important;padding-bottom: 0px !important;padding-left: 55px !important;}»][vc_column_text el_class=»lista-especial color-white» css=».vc_custom_1580252489820{padding-top: 15px !important;padding-left: 65px !important;}»]<span style="font-weight: 400;">&#8211; Abogado por la Facultad de Derecho de la Universidad de Guadalajara (2004-2009).</span></p>
<p><span style="font-weight: 400;">&#8211; Especialidad en Derecho Penal por la Universidad Panamericana, Campus Guadalajara (2010).</span></p>
<p><span style="font-weight: 400;">&#8211; Especialidad en Derecho Constitucional y Amparo por la Universidad Panamericana, Campus Guadalajara (2011). </span></p>
<p><span style="font-weight: 400;">&#8211; Curso de técnicas, habilidades y destrezas de litigación oral impartido por la Aba Roli en conjunto con el USAID (2014).</span></p>
<p><span style="font-weight: 400;">&#8211; Curso de formación de formadores y entrenamiento de equipos de litigación oral por la Aba Roli en conjunto con el USAID (2014).</span></p>
<p><span style="font-weight: 400;">&#8211; Programa de fortalecimiento de las Escuelas de Derecho en Jalisco para el nuevo Sistema de Justicia Penal impartido por el Centro de Estudios sobre la Enseñanza y el Aprendizaje del Derecho A. C. (2014).</span></p>
<p><span style="font-weight: 400;">&#8211; Certificación en el Sistema Acusatorio Adversarial otorgada por la Secretaría Técnica del Consejo Coordinación para la implementación del Sistema de Justicia Penal en México (2014).</span></p>
<p><span style="font-weight: 400;">&#8211; Academia de Destrezas en Litigación Oral, impartida por la California Western School of Law en San Diego, California (2015).</span></p>
<p><span style="font-weight: 400;">&#8211; Maestría en Derecho Público por la Facultad de Derecho de la Universidad Panamericana, Campus Guadalajara (2015).</span></p>
<p><span style="font-weight: 400;">&#8211; Posgrado de Especialización en Garantías Constitucionales de la Investigación y la Prueba en el Proceso Penal por la Universidad de Castilla-La Mancha en Toledo, España (2017).</span></p>
<p><span style="font-weight: 400;">&#8211; Miembro de la firma de abogados Lazo, Villa, Moel y García, S.C. (Desde 2008 a la fecha).</span></p>
<p><span style="font-weight: 400;">&#8211; Participación en el Consejo Académico del Proyecto de profesionalización a operadores y comunicadores del sistema de justicia penal para la creación del posgrado nacional «El Defensor en el Sistema de Justicia Penal» con la Asociación Nacional de Universidades e Instituciones de Educación Superior (ANUIES) en colaboración con el USAID (2017).</span></p>
<p><span style="font-weight: 400;">&#8211; Coordinador de la Comisión de Derecho Penal de la Barra Mexicana Colegio de Abogados, A.C., Capítulo Jalisco (2019-2021).</span></p>
<p><span style="font-weight: 400;">&#8211; Miembro activo de la Barra Mexicana Colegio de Abogados, A.C., Capítulo Jalisco.</span></p>
<p><span style="font-weight: 400;">&#8211; Profesor de Derecho Penal en la Facultad de Derecho de la Universidad Panamericana, Campus Guadalajara (2013-2016).</span></p>
<p><span style="font-weight: 400;">&#8211; Profesor de Derecho Penal en la Facultad de Derecho del Instituto Tecnológico y de Estudios Superiores de Occidente “ITESO” (2016-2019).</span></p>
<p><span style="font-weight: 400;">&#8211; Profesor de Derecho Penal en la Facultad de Derecho de la Universidad Autónoma de Guadalajara (Desde 2019 a la fecha).</span></p>
<p><span style="font-weight: 400;">&#8211; Preparador de Equipos de Litigación Oral.</span>[/vc_column_text][/vc_column][/vc_row]</p>
