{"id":191,"date":"2019-12-17T07:08:28","date_gmt":"2019-12-17T07:08:28","guid":{"rendered":"http:\/\/www.lvmg.mx\/\/?page_id=191"},"modified":"2020-01-28T17:03:27","modified_gmt":"2020-01-28T23:03:27","slug":"viviana-rivadeneyra-sanchez","status":"publish","type":"page","link":"https:\/\/www.lvmg.mx\/es\/viviana-rivadeneyra-sanchez\/","title":{"rendered":"Viviana Rivadeneyra Sanchez"},"content":{"rendered":"<p>[vc_row content_placement=\u00bbmiddle\u00bb css=\u00bb.vc_custom_1576561060196{margin-top: 40px !important;margin-bottom: 0px !important;padding-bottom: 0px !important;}\u00bb][vc_column width=\u00bb1\/12&#8243;][\/vc_column][vc_column width=\u00bb10\/12&#8243;][vc_single_image image=\u00bb184&#8243; img_size=\u00bbfull\u00bb onclick=\u00bbcustom_link\u00bb link=\u00bbhttp:\/\/www.lvmg.mx\/\/\u00bb el_id=\u00bbflecha-volver\u00bb css=\u00bb.vc_custom_1576561084246{margin-bottom: 0px !important;padding-bottom: 0px !important;}\u00bb][\/vc_column][vc_column width=\u00bb1\/12&#8243;][\/vc_column][\/vc_row][vc_row equal_height=\u00bbyes\u00bb el_class=\u00bbposicion-relativa abogado-titulo\u00bb][vc_column width=\u00bb1\/12&#8243;][\/vc_column][vc_column width=\u00bb4\/12&#8243; css=\u00bb.vc_custom_1576557392555{padding-right: 0px !important;padding-left: 0px !important;}\u00bb][\/vc_column][vc_column width=\u00bb7\/12&#8243;][vc_custom_heading text=\u00bbViviana Rivadeneyra Sanchez\u00bb font_container=\u00bbtag:h2|font_size:2em|text_align:left|color:%23ffffff|line_height:1em\u00bb use_theme_fonts=\u00bbyes\u00bb css=\u00bb.vc_custom_1576566392671{margin-bottom: 0px !important;padding-bottom: 0px !important;}\u00bb el_class=\u00bbcolor-white font-weight mayusculas\u00bb][\/vc_column][\/vc_row][vc_row equal_height=\u00bbyes\u00bb][vc_column width=\u00bb1\/12&#8243;][\/vc_column][vc_column width=\u00bb4\/12&#8243; css=\u00bb.vc_custom_1576558343121{padding-right: 0px !important;padding-left: 0px !important;}\u00bb el_class=\u00bbposicion-relativa columna-foto-abogado\u00bb][vc_single_image image=\u00bb192&#8243; img_size=\u00bblarge\u00bb alignment=\u00bbright\u00bb el_class=\u00bbfoto-abogado\u00bb css=\u00bb.vc_custom_1576566488521{margin-top: 20px !important;margin-bottom: 20px !important;}\u00bb][\/vc_column][vc_column width=\u00bb7\/12&#8243; css=\u00bb.vc_custom_1576566262761{padding-top: 50px !important;background-color: #2b2420 !important;}\u00bb el_id=\u00bbdescripcion-abogado\u00bb][vc_custom_heading text=\u00bbAsociado \u00e1rea familiar\u00bb font_container=\u00bbtag:div|font_size:1em|text_align:left|color:%23b3964e|line_height:1.2em\u00bb use_theme_fonts=\u00bbyes\u00bb css=\u00bb.vc_custom_1576566407603{margin-top: 0px !important;margin-bottom: 0px !important;padding-top: 0px !important;padding-bottom: 0px !important;padding-left: 55px !important;}\u00bb][vc_custom_heading text=\u00bbvivianar@lvmg.mx\u00bb font_container=\u00bbtag:div|font_size:0.85em|text_align:left|color:%23ffffff|line_height:1.2em\u00bb use_theme_fonts=\u00bbyes\u00bb css=\u00bb.vc_custom_1576566411970{margin-top: 0px !important;margin-bottom: 0px !important;padding-top: 0px !important;padding-bottom: 0px !important;padding-left: 55px !important;}\u00bb][vc_column_text el_class=\u00bblista-especial color-white\u00bb css=\u00bb.vc_custom_1580252603154{padding-top: 15px !important;padding-left: 65px !important;}\u00bb]<span style=\"font-weight: 400;\">&#8211; Abogada por la Facultad de Derecho del Centro de Estudios Universitarios Veracruz (1998-2001).<\/span><\/p>\n<p><span style=\"font-weight: 400;\">&#8211; Maestr\u00eda en Derecho P\u00fablico por la Facultad de Derecho de la Universidad Panamericana, Campus Guadalajara (2009-2010).<\/span><\/p>\n<p><span style=\"font-weight: 400;\">&#8211; Estudios especializados en derecho hereditario, de familia y derechos humanos de los ni\u00f1os.<\/span><\/p>\n<p><span style=\"font-weight: 400;\">&#8211; Miembro activo de la Barra Mexicana Colegio de Abogados, A.C., Cap\u00edtulo Jalisco.<\/span><\/p>\n<p><span style=\"font-weight: 400;\">&#8211; Miembro activo del Colegio de Abogados Maestro Dionisio N\u00fa\u00f1ez Verd\u00edn del Estado de Jalisco, A.C.<\/span><\/p>\n<p><span style=\"font-weight: 400;\">&#8211; Miembro de la firma de abogados Lazo, Villa, Moel y Garc\u00eda, S.C. (Desde 2007 a la fecha).<\/span><\/p>\n<p><span style=\"font-weight: 400;\">&#8211; Profesora adjunta de T\u00edtulos y Operaciones de Cr\u00e9dito en la Facultad de Derecho de la Universidad de Guadalajara (Desde 2007 a la fecha).<\/span><\/p>\n<p><span style=\"font-weight: 400;\">&#8211; Profesora adjunta de Teor\u00eda General del Proceso y Derecho Procesal Civil en la Facultad de Derecho de la Universidad Panamericana, Campus Guadalajara (Desde 2017 a la fecha).<\/span>[\/vc_column_text][\/vc_column][\/vc_row]<\/p>\n","protected":false},"excerpt":{"rendered":"<p>[vc_row content_placement=\u00bbmiddle\u00bb css=\u00bb.vc_custom_1576561060196{margin-top: 40px !important;margin-bottom: 0px !important;padding-bottom: 0px !important;}\u00bb][vc_column width=\u00bb1\/12&#8243;][\/vc_column][vc_column width=\u00bb10\/12&#8243;][vc_single_image image=\u00bb184&#8243; img_size=\u00bbfull\u00bb onclick=\u00bbcustom_link\u00bb link=\u00bbhttp:\/\/www.lvmg.mx\/\/\u00bb el_id=\u00bbflecha-volver\u00bb css=\u00bb.vc_custom_1576561084246{margin-bottom: 0px !important;padding-bottom: 0px !important;}\u00bb][\/vc_column][vc_column width=\u00bb1\/12&#8243;][\/vc_column][\/vc_row][vc_row equal_height=\u00bbyes\u00bb el_class=\u00bbposicion-relativa abogado-titulo\u00bb][vc_column width=\u00bb1\/12&#8243;][\/vc_column][vc_column width=\u00bb4\/12&#8243; css=\u00bb.vc_custom_1576557392555{padding-right: 0px !important;padding-left: 0px !important;}\u00bb][\/vc_column][vc_column width=\u00bb7\/12&#8243;][vc_custom_heading text=\u00bbViviana Rivadeneyra Sanchez\u00bb font_container=\u00bbtag:h2|font_size:2em|text_align:left|color:%23ffffff|line_height:1em\u00bb use_theme_fonts=\u00bbyes\u00bb css=\u00bb.vc_custom_1576566392671{margin-bottom: 0px !important;padding-bottom: 0px !important;}\u00bb el_class=\u00bbcolor-white font-weight mayusculas\u00bb][\/vc_column][\/vc_row][vc_row equal_height=\u00bbyes\u00bb][vc_column width=\u00bb1\/12&#8243;][\/vc_column][vc_column width=\u00bb4\/12&#8243; css=\u00bb.vc_custom_1576558343121{padding-right: 0px !important;padding-left: 0px !important;}\u00bb el_class=\u00bbposicion-relativa &hellip; <a href=\"https:\/\/www.lvmg.mx\/es\/viviana-rivadeneyra-sanchez\/\" class=\"more-link\">Continue reading <span class=\"screen-reader-text\">Viviana Rivadeneyra Sanchez<\/span> <span class=\"meta-nav\">&rarr;<\/span><\/a><\/p>\n","protected":false},"author":1,"featured_media":0,"parent":0,"menu_order":0,"comment_status":"closed","ping_status":"closed","template":"","meta":{"footnotes":""},"class_list":["post-191","page","type-page","status-publish","hentry"],"_links":{"self":[{"href":"https:\/\/www.lvmg.mx\/es\/wp-json\/wp\/v2\/pages\/191","targetHints":{"allow":["GET"]}}],"collection":[{"href":"https:\/\/www.lvmg.mx\/es\/wp-json\/wp\/v2\/pages"}],"about":[{"href":"https:\/\/www.lvmg.mx\/es\/wp-json\/wp\/v2\/types\/page"}],"author":[{"embeddable":true,"href":"https:\/\/www.lvmg.mx\/es\/wp-json\/wp\/v2\/users\/1"}],"replies":[{"embeddable":true,"href":"https:\/\/www.lvmg.mx\/es\/wp-json\/wp\/v2\/comments?post=191"}],"version-history":[{"count":2,"href":"https:\/\/www.lvmg.mx\/es\/wp-json\/wp\/v2\/pages\/191\/revisions"}],"predecessor-version":[{"id":351,"href":"https:\/\/www.lvmg.mx\/es\/wp-json\/wp\/v2\/pages\/191\/revisions\/351"}],"wp:attachment":[{"href":"https:\/\/www.lvmg.mx\/es\/wp-json\/wp\/v2\/media?parent=191"}],"curies":[{"name":"wp","href":"https:\/\/api.w.org\/{rel}","templated":true}]}}

<p>[vc_row content_placement=»middle» css=».vc_custom_1576561060196{margin-top: 40px !important;margin-bottom: 0px !important;padding-bottom: 0px !important;}»][vc_column width=»1/12&#8243;][/vc_column][vc_column width=»10/12&#8243;][vc_single_image image=»184&#8243; img_size=»full» onclick=»custom_link» link=»http://www.lvmg.mx//» el_id=»flecha-volver» css=».vc_custom_1576561084246{margin-bottom: 0px !important;padding-bottom: 0px !important;}»][/vc_column][vc_column width=»1/12&#8243;][/vc_column][/vc_row][vc_row equal_height=»yes» el_class=»posicion-relativa abogado-titulo»][vc_column width=»1/12&#8243;][/vc_column][vc_column width=»4/12&#8243; css=».vc_custom_1576557392555{padding-right: 0px !important;padding-left: 0px !important;}»][/vc_column][vc_column width=»7/12&#8243;][vc_custom_heading text=»Viviana Rivadeneyra Sanchez» font_container=»tag:h2|font_size:2em|text_align:left|color:%23ffffff|line_height:1em» use_theme_fonts=»yes» css=».vc_custom_1576566392671{margin-bottom: 0px !important;padding-bottom: 0px !important;}» el_class=»color-white font-weight mayusculas»][/vc_column][/vc_row][vc_row equal_height=»yes»][vc_column width=»1/12&#8243;][/vc_column][vc_column width=»4/12&#8243; css=».vc_custom_1576558343121{padding-right: 0px !important;padding-left: 0px !important;}» el_class=»posicion-relativa columna-foto-abogado»][vc_single_image image=»192&#8243; img_size=»large» alignment=»right» el_class=»foto-abogado» css=».vc_custom_1576566488521{margin-top: 20px !important;margin-bottom: 20px !important;}»][/vc_column][vc_column width=»7/12&#8243; css=».vc_custom_1576566262761{padding-top: 50px !important;background-color: #2b2420 !important;}» el_id=»descripcion-abogado»][vc_custom_heading text=»Asociado área familiar» font_container=»tag:div|font_size:1em|text_align:left|color:%23b3964e|line_height:1.2em» use_theme_fonts=»yes» css=».vc_custom_1576566407603{margin-top: 0px !important;margin-bottom: 0px !important;padding-top: 0px !important;padding-bottom: 0px !important;padding-left: 55px !important;}»][vc_custom_heading text=»vivianar@lvmg.mx» font_container=»tag:div|font_size:0.85em|text_align:left|color:%23ffffff|line_height:1.2em» use_theme_fonts=»yes» css=».vc_custom_1576566411970{margin-top: 0px !important;margin-bottom: 0px !important;padding-top: 0px !important;padding-bottom: 0px !important;padding-left: 55px !important;}»][vc_column_text el_class=»lista-especial color-white» css=».vc_custom_1580252603154{padding-top: 15px !important;padding-left: 65px !important;}»]<span style="font-weight: 400;">&#8211; Abogada por la Facultad de Derecho del Centro de Estudios Universitarios Veracruz (1998-2001).</span></p>
<p><span style="font-weight: 400;">&#8211; Maestría en Derecho Público por la Facultad de Derecho de la Universidad Panamericana, Campus Guadalajara (2009-2010).</span></p>
<p><span style="font-weight: 400;">&#8211; Estudios especializados en derecho hereditario, de familia y derechos humanos de los niños.</span></p>
<p><span style="font-weight: 400;">&#8211; Miembro activo de la Barra Mexicana Colegio de Abogados, A.C., Capítulo Jalisco.</span></p>
<p><span style="font-weight: 400;">&#8211; Miembro activo del Colegio de Abogados Maestro Dionisio Núñez Verdín del Estado de Jalisco, A.C.</span></p>
<p><span style="font-weight: 400;">&#8211; Miembro de la firma de abogados Lazo, Villa, Moel y García, S.C. (Desde 2007 a la fecha).</span></p>
<p><span style="font-weight: 400;">&#8211; Profesora adjunta de Títulos y Operaciones de Crédito en la Facultad de Derecho de la Universidad de Guadalajara (Desde 2007 a la fecha).</span></p>
<p><span style="font-weight: 400;">&#8211; Profesora adjunta de Teoría General del Proceso y Derecho Procesal Civil en la Facultad de Derecho de la Universidad Panamericana, Campus Guadalajara (Desde 2017 a la fecha).</span>[/vc_column_text][/vc_column][/vc_row]</p>
